{"id":2,"date":"2009-05-20T17:59:32","date_gmt":"2009-05-20T15:59:32","guid":{"rendered":"http:\/\/www.cdcaverock.es\/nueva\/?page_id=2"},"modified":"2009-12-23T17:02:31","modified_gmt":"2009-12-23T15:02:31","slug":"about","status":"publish","type":"page","link":"https:\/\/www.cdcaverock.es\/?page_id=2","title":{"rendered":"El Club"},"content":{"rendered":"<p>La historia del Club Deportivo CAVEROCK empieza en el mes de mayo de 2002. Todo comienza con un grupo de amigos que deciden construir una sala de entrenamiento para poder tener una sede donde reunirnos y unificar criterios en esto de la escalada deportiva.<br \/>\nEn un principio nuestro mayor problema era el econ\u00f3mico pues part\u00edamos de que nuestro nivel adquisitivo era bastante pobre. Pero como en todo, con una buena gesti\u00f3n y ganas de trabajar altruistamente las cosas fueron saliendo poco a poco.\u00a0 Nuestras instalaciones\u00a0 en esos momentos eran ca\u00f3ticas pues depend\u00eda todo del grupo de amigos, en el que no sum\u00e1bamos mas de 20, pasando por las obras de la construcci\u00f3n del roc\u00f3dromo el cual se tuvo que dividir en dos partes ,para econ\u00f3micamente poder hacer frente a los trabajos.<\/p>\n<p>Pasan los primeros ocho meses de la apertura del roc\u00f3dromo y tenemos como colchonetas una cantidad de colchones que nos ceden de un hotel del sur de la isla, al cual estamos muy agradecidos. En los siguientes dos meses nos ponemos nuevamente manos a la obra para intentar acabar el proyecto, que trae muchos quebraderos de cabeza a la directiva por la falta de medios econ\u00f3micos, pero gracias a unas peque\u00f1as derramas se puede hacer frente a la falta de medios.<\/p>\n<p>En el siguiente a\u00f1o, la cosa no pinta bien, pero la captaci\u00f3n de nuevos socios hace posible que nuevamente salgamos adelante. En este a\u00f1o, ya somos 70 socios, y en una reuni\u00f3n decidimos hacer la inversi\u00f3n m\u00e1s grande de todas: comprar las colchonetas.<\/p>\n<p>Viendo que el club est\u00e1 teniendo una buena aceptaci\u00f3n y que la gesti\u00f3n funciona, nos lanzamos a por las colchonetas, a\u00fan sin tener el respaldo de ninguna organizaci\u00f3n externa al club. En los dos primeros a\u00f1os de Cave Rock, el c\u00f3mputo total de las inversiones asciende a unos 15.000 euros, sin contar seguros, alquileres y dem\u00e1s gastos que ocasiona el local. Todo el dinero sale de los socios, que ayudan siempre a que todo se pueda llevar a buen puerto.<\/p>\n<p>Para poder llevar una mejor gesti\u00f3n del club, nos vemos en la obligaci\u00f3n de imponer el pago \u00fanico, es decir, el socio pagar\u00e1 por adelantado el a\u00f1o en curso, y en el precio ir\u00e1 incluido el importe de la tarjeta federativa de monta\u00f1a. De esta forma, s\u00ed que empezamos a ver nuestras arcas con dinero, porque antes la econom\u00eda del club perd\u00eda con los socios que no pagaban oportunamente mes a mes. Ya que el club empieza a ver mucho m\u00e1s dinero del que imagin\u00e1bamos, nos vemos en la obligaci\u00f3n de invertirlo en los escaladores: decidimos colaborar con los ayuntamientos que quisieran fomentar la escalada, centr\u00e1ndonos en La Laguna y Arico, ya que en este \u00faltimo municipio se encuentran el mayor n\u00famero de zonas de escalada de la isla.<\/p>\n<p>Teniendo buenas relaciones con el Ayuntamiento de Arico, preparamos el primer Marat\u00f3n de escalada, que tiene una gran aceptaci\u00f3n y al que se desplazan escaladores de todo el archipi\u00e9lago para poder participar en el mismo. Esta aventura se repite tres a\u00f1os consecutivamente, pero en el \u00faltimo de ellos el club hace un gran desembolso de dinero y cuenta con muy poco apoyo del ayuntamiento.<\/p>\n<p><img loading=\"lazy\" decoding=\"async\" class=\"alignnone\" src=\"https:\/\/www.cdcaverock.es\/fotos\/maraton2.jpg\" alt=\"\" width=\"600\" height=\"400\" \/><\/p>\n<p><img loading=\"lazy\" decoding=\"async\" class=\"alignnone\" src=\"https:\/\/www.cdcaverock.es\/fotos\/maraton1.jpg\" alt=\"\" width=\"600\" height=\"400\" \/><\/p>\n<p>Seguimos trabajando y nuestras expectativas ahora centradas en sacar adelante el Primer trofeo ciudad de La Laguna de escalada en bloque, una de las modalidades de la escalada deportiva. El ayuntamiento nos ayuda con 600 euros, muchas ganas y muchas marcas comerciales y como no pod\u00eda ser de otra manera el club vuelve a poner much\u00edsimo dinero para que este evento salga adelante. (Cuando decimos mucho dinero, queremos decir que el club puso aproximadamente unos 2000 euros).<\/p>\n<p>Da comienzo el 2004 y nos ponemos en marcha para traer a la mejor escaladora del momento y que nos d\u00e9 una conferencia de sus andaduras en esto de la escalada deportiva. Lo conseguimos gracias al apoyo de\u00a0 marcas comerciales y el de la Federaci\u00f3n Canaria de Monta\u00f1ismo, pero este evento se ve eclipsado por los atentados de 11 de marzo de 2004. La charla\u00a0 ten\u00eda lugar el 12 de marzo a las 19:00 horas en IES La Laboral de La Laguna. A pesar de lo ocurrido, la escaladora Josune Bereziartu decide venir con su proyecci\u00f3n, a la cual acuden bastantes escaladores de todo el archipi\u00e9lago, dej\u00e1ndonos muy satisfechos a todos los presente en esta conferencia de sus andaduras por el grado.<\/p>\n<p><img loading=\"lazy\" decoding=\"async\" class=\"alignnone\" src=\"https:\/\/www.cdcaverock.es\/fotos\/josune.jpg\" alt=\"\" width=\"422\" height=\"611\" \/><\/p>\n<p>En los siguientes a\u00f1os el club se ve inmerso en actividades, ayudando al OAD La Laguna en su proyecto de Laguna Aventura, con el cual participamos activamente en prestar material de escalada y ayudarlos en todo lo que pudimos.<\/p>\n<p>Desde que el club es capaz de gestionar bien el dineros, nos vemos en la obligaci\u00f3n de empezar un reequipamiento de nuestras zonas de escalada, esto quiere decir cambiar todos los anclajes a los que nos aseguramos los escaladores, y que son realmente los que nos mantienen en caso de una ca\u00edda repentina. Teniendo en cuenta que ten\u00edamos contactos, nos comprometemos con la casa de oficio de proyecto Hombre a cederles nuestras instalaciones, y ellos nos dar\u00edan a cambio material de reequipamiento. El valor del mismo en el c\u00f3mputo total\u00a0 de los a\u00f1os que estuvieron trabajando con nosotros, ascender\u00eda aproximadamente a unos 5.000 euros. Por supuesto el roc\u00f3dromo tambi\u00e9n compraba material, independientemente de la cantidad que la casa de oficio nos diera. Tambi\u00e9n contribuyeron a limpiar las presas artificiales de nuestra instalaci\u00f3n durante tres a\u00f1os consecutivos. Estas presas son los agarres de los que nos sujetamos en el roc\u00f3dromo, y en total hay unas 3.000. Esta labor se hace todos los a\u00f1os y coincide con la competici\u00f3n de bloque de La Laguna.<\/p>\n<p>Para poder aprovechar el material de equipamiento, debemos comprar un taladro, y la adquisici\u00f3n de esta m\u00e1quina asciende a unos 1.200 euros, pero podemos hacer frente al gasto y seguimos abriendo nuevas v\u00edas de escalada, contribuyendo de esta manera a fomentar nuestro deporte en donde nos gusta estar: en la naturaleza.<\/p>\n<p>Seguimos prestando nuestra colaboraci\u00f3n y por dos a\u00f1os consecutivos organizamos el campeonato de escalada de Santa \u00darsula. En el \u00faltimo a\u00f1o que organizamos el evento, decidimos hacer la peque\u00f1a semana de la monta\u00f1a, que era una versi\u00f3n similar a lo que la federaci\u00f3n estaba poniendo en marcha. La diferencia es que en la que organizamos, desde el club \u00a0d\u00e1bamos prioridad a todos aquellos deportistas canarios que por sus meritos deportivos nos pudieran ofrecer una buena proyecci\u00f3n de fotograf\u00edas y unos buenos comentarios. A estas proyecciones acuden Diego Amador, Alberto Pel\u00e1ez, Javier Mart\u00edn y Raquel Hern\u00e1ndez. Todos ellos son referentes de la escalada en Canarias, cada uno en sus distintas modalidades de la escalada.<\/p>\n<p><img loading=\"lazy\" decoding=\"async\" class=\"alignnone\" src=\"https:\/\/www.cdcaverock.es\/fotos\/compe.jpg\" alt=\"\" width=\"439\" height=\"653\" \/><\/p>\n<p class=\"smallText\" align=\"justify\">Las relaciones con este ayuntamiento se rompen, se hace muy dif\u00edcil cobrar las facturas y nos dejan a deber unos 1000 euros aproximadamente. Viendo que esto no funciona, nos vemos en la obligaci\u00f3n de abandonar todos aquellos ayuntamientos que no quieren que este tipo de deportes salgan adelante.<\/p>\n<p class=\"smallText\" align=\"justify\">Nos centramos en el ayuntamiento de La Laguna y con ellos decidimos llevar el trofeo de la Ciudad De La Laguna lo m\u00e1s alto posible y por supuesto lo hemos conseguido. Es uno de los campeonatos que mas afluencia de competidores y publico tiene, y desde aqu\u00ed quiero agradecer todo el apoyo que nos da el OAD de La Laguna.<\/p>\n<p class=\"smallText\" align=\"justify\"><img loading=\"lazy\" decoding=\"async\" class=\"alignnone\" src=\"https:\/\/www.cdcaverock.es\/fotos\/compes1.jpg\" alt=\"\" width=\"250\" height=\"300\" \/><img loading=\"lazy\" decoding=\"async\" class=\"alignnone\" src=\"https:\/\/www.cdcaverock.es\/fotos\/compes2.jpg\" alt=\"\" width=\"250\" height=\"300\" \/><\/p>\n<p class=\"smallText\" align=\"justify\">En el tintero siempre se quedan una gran cantidad de cosas que no se dicen, pero tengo que decir que esto no es lo \u00fanico que hemos hecho desde que el club se fund\u00f3. Tambi\u00e9n hay que mencionar ayudas a deportistas, competiciones, reequipamiento, aportaciones econ\u00f3micas para la mejoras de nuestras instalaciones en la naturaleza, ayudas a otros colectivos de escaladores de otras islas, y como no, el sufrimiento para que a\u00f1o tras a\u00f1o nuestras arcas est\u00e9n llenas y se puedan organizar todo tipo de eventos.<\/p>\n<p>Quiero dar las gracias a todos aquellos que nos han apoyado y a los que no lo han hecho, porque de esta manera sabemos qui\u00e9nes son aquellos que ponen sus intereses privados por encima de cualquier cosa&#8230;<br \/>\nPero ahora no es el momento de hablar de esto, es momento de agradecimientos, a todos los escaladores de Canarias, a todas las entidades tanto p\u00fablicas como privadas que han hecho posible todo este tipo de eventos que organiza el club, a las Federaciones y sobre todo a todos los socios del CAVEROCK\u00a0 que realmente son los que han hecho posible que el club siga abierto. No lo dud\u00e9is, seguid pagando cada a\u00f1o para que esto siga funcionando.<\/p>\n<p class=\"smallText\" align=\"justify\"><span class=\"smallText\">Esta es la peque\u00f1a historia de un club de que me siento muy satisfecho; a\u00f1o tras a\u00f1o veo que las cosas van a mejor, pero hay que recordar que esto no fue siempre as\u00ed y que tenemos que seguir unidos aunque nos cueste asimilarlo. De esta manera podremos luchar por conseguir mejores instalaciones deportivas en la naturaleza, ya que el trabajo de muchos equipadores depende de nosotros. Ellos han contribuido a que nuestras escuelas se llenen de visitantes de todas partes del mundo, y ya va siendo hora que nuestros pol\u00edticos se pongan a trabajar para que de una vez por todas tengan en cuenta que este deporte, aunque parezca minoritario no lo es, y que el escalador gasta mucho donde quiera que va.<\/span><\/p>\n<p class=\"smallText\" align=\"justify\"><span class=\"smallText\">ADVERTENCIA DE RESPONSABILIDAD<br \/>\nToda la informaci\u00f3n de\u00a0esta web proviene de fuentes mencionadas, como libros o webs. La escalada y los demas deportes de aventura que realizamos son peligrosos, el Club\u00a0deportivo Caverock \u00a0se exime de cualquier responsabilidad en caso de accidente, por poner en pr\u00e1ctica los contenidos de \u00e9sta p\u00e1gina. Simplemente comentamos las actividades que realizamos, siempre con seguro federativo,y difundimos conocimientos de \u00e9ste deporte, provenientes de fuentes concretas.<br \/>\n<\/span><\/p>\n<p style=\"text-align: right;\">Jos\u00e9 Francisco Gonz\u00e1lez<\/p>\n","protected":false},"excerpt":{"rendered":"<p>La historia del Club Deportivo CAVEROCK empieza en el mes de mayo de 2002. Todo comienza con un grupo de amigos que deciden construir una sala de entrenamiento para poder tener una sede donde reunirnos y unificar criterios en esto de la escalada deportiva. En un principio nuestro mayor problema era el econ\u00f3mico pues part\u00edamos [&hellip;]<\/p>\n","protected":false},"author":1,"featured_media":0,"parent":0,"menu_order":1,"comment_status":"closed","ping_status":"open","template":"","meta":{"footnotes":""},"class_list":["post-2","page","type-page","status-publish","hentry"],"_links":{"self":[{"href":"https:\/\/www.cdcaverock.es\/index.php?rest_route=\/wp\/v2\/pages\/2","targetHints":{"allow":["GET"]}}],"collection":[{"href":"https:\/\/www.cdcaverock.es\/index.php?rest_route=\/wp\/v2\/pages"}],"about":[{"href":"https:\/\/www.cdcaverock.es\/index.php?rest_route=\/wp\/v2\/types\/page"}],"author":[{"embeddable":true,"href":"https:\/\/www.cdcaverock.es\/index.php?rest_route=\/wp\/v2\/users\/1"}],"replies":[{"embeddable":true,"href":"https:\/\/www.cdcaverock.es\/index.php?rest_route=%2Fwp%2Fv2%2Fcomments&post=2"}],"version-history":[{"count":5,"href":"https:\/\/www.cdcaverock.es\/index.php?rest_route=\/wp\/v2\/pages\/2\/revisions"}],"predecessor-version":[{"id":26,"href":"https:\/\/www.cdcaverock.es\/index.php?rest_route=\/wp\/v2\/pages\/2\/revisions\/26"}],"wp:attachment":[{"href":"https:\/\/www.cdcaverock.es\/index.php?rest_route=%2Fwp%2Fv2%2Fmedia&parent=2"}],"curies":[{"name":"wp","href":"https:\/\/api.w.org\/{rel}","templated":true}]}}